3*t = -l - 13 - 0, -3*l + 2*t = u. What is the units digit of -2*15/l*25?
5
Let p be (-2)/3*18/(-4). Suppose 4*c = -4*n + 4, -p*n + 5*n - 7 = -3*c. Suppose -49 = -c*u + 106. What is the units digit of u?
1
Suppose -5*d + 2*r = -1495, 2*r + r - 1196 = -4*d. Suppose -4*c - d = -5*q, 5*q = c + c + 297. What is the units digit of q?
9
What is the units digit of (-24130)/(-25) - (5/(-55) + (-80)/(-275))?
5
Suppose 7*u = 14 + 56. Let i be 14/4*(84 + u). Suppose 2*j + 107 - i = 0. What is the hundreds digit of j?
1
What is the thousands digit of 11 + ((-2890380)/(-96) - (-1)/(-8))?
0
Suppose -17687 = -h + 4*a, 4*h + 60*a = 65*a + 70715. What is the tens digit of h?
7
Let p be (2/(-4))/(2/(-32)). Let j(x) = -1. Let a(n) = 2*n**2 - 12*n + 4. Let r(k) = a(k) + 2*j(k). What is the tens digit of r(p)?
3
Suppose 0 = 14*h - 464013 - 71179. What is the tens digit of h?
2
Let r be 140/(-21)*(3 + -27). What is the units digit of 6/(-8) - (-5)/(r/25944)?
0
Suppose 35*z - 7*z - 423134 = 623730. What is the hundreds digit of z?
3
Let w be ((-2)/4)/((189/(-558))/21). Suppose 1152 = -27*o + w*o. What is the tens digit of o?
8
Let n = -94846 - -153665. What is the hundreds digit of n?
8
Let b(i) be the second derivative of -23*i**4/24 - 8*i**3/3 + 27*i**2/2 + 24*i. Let c(a) be the first derivative of b(a). What is the tens digit of c(-10)?
1
Let d = 49 - 49. Suppose d = -2*v - 4 + 12. Let s(m) = 4*m**2 + 4*m + 2. What is the tens digit of s(v)?
8
Let x = -4123 - -18497. What is the thousands digit of x?
4
Let g be (44/10 - 2)/(14/(-175)). Let r = g + 32. Suppose -177 = -r*a - 5*p, p - 34 + 325 = 3*a. What is the units digit of a?
6
Let o(r) = -4*r**2 + 25*r**3 + 1 + 5 - 10*r**3 - r - 13*r**3. Let u be o(-3). Let k = u + 241. What is the tens digit of k?
6
Let s(l) = 5*l**3 - 5*l**2 - 9*l - 18. Let w(k) = -2*k**3 + 2*k**2 + 4*k + 9. Suppose 2 = 3*t - 7. Let u(p) = t*s(p) + 7*w(p). What is the units digit of u(0)?
9
Suppose -22*c + 556 + 610 = 0. Suppose 16*t - 352 = 11*t + 4*z, 5*z = -t + c. What is the tens digit of t?
6
Suppose 5*a - 4 = -2*v, -5 - 1 = -3*v + 2*a. What is the hundreds digit of v + (446 - 0 - -5)?
4
What is the units digit of (8 + (-141)/(-15))/(3/3330)?
4
Let g be 3*12 - (-1 - -1). Let b(n) = 21*n + 261. Let i be b(-10). Suppose i = w + 3*d + d, -g = -w - d. What is the tens digit of w?
3
What is the tens digit of (3 - 4)*(-30565)/5?
1
Let r be -2 - (-8 - (3 - 4)). Suppose -z - 57 = -r*s + 2*z, -4*s = 3*z - 24. Let p = 12 - s. What is the units digit of p?
3
Let a(o) = o**3 + 12*o**2 + 22*o + 17. Let g be a(-10). Let p(c) = -240*c + 31. What is the hundreds digit of p(g)?
7
Suppose -49*h + 81615 + 25744 = 0. What is the tens digit of h?
9
Suppose 2*x - 2*v = 100, 5*x - v - 377 = -123. Suppose 4*h = -19 + x. Let m(b) = b**3 - 5*b**2 + 6*b - 8. What is the units digit of m(h)?
2
Let y = -3747 + 5394. Let m = y - 933. What is the units digit of m?
4
Suppose j = 5*c + 16, -9*c - 19 = -4*c - 4*j. What is the units digit of (c/(-4) + (-1)/(-4))*1847?
7
Suppose -4*z + 5*w = -2*z - 160, -4*z - 4*w + 292 = 0. Let g = z + 12. What is the tens digit of g?
8
Let w = -25 - -25. Let c(a) = -a**2 + 3*a + 3. Let x be c(w). Suppose x*i - 312 = -i. What is the units digit of i?
8
Let j(n) = -2469*n + 1555. What is the units digit of j(-8)?
7
Suppose d - 2*i + 10 = 4*d, -4*i = -8. Suppose 0 = 3*u - 8*w + 5*w + 21, 0 = d*u + 2*w + 14. Let a = 83 + u. What is the tens digit of a?
7
Let x be 1048/(-44) + 4/(-22) - -4. Let y(k) = -12*k - 110. What is the tens digit of y(x)?
3
Suppose -4*v = s - 259, 5*v - v + 4*s - 244 = 0. Let t = 87 - v. Let d = 71 - t. What is the units digit of d?
0
What is the tens digit of 128/240*-5*220617/(-12)?
2
Let z be 2/12*3*50. Let v(o) = 21*o - 291. Let f be v(18). Let r = f - z. What is the tens digit of r?
6
Let c = 48 + -38. Suppose 0 = -c*k + 271 + 719. Suppose b - 53 = 3*x, 0 = -3*b - 5*x + 2*x + k. What is the tens digit of b?
3
Suppose 0*u - 13028 = -2*t + 4*u, 4*u + 6512 = t. Suppose -35*a - t = -47*a. What is the tens digit of a?
4
Suppose -k + 45543 = 5*k - 449361. What is the thousands digit of k?
2
Let y(d) = 2*d**2 + 4*d - 25. Let z be y(-5). Suppose -2*q + z*p = -585, -4*p = 2*q - 46 - 530. What is the hundreds digit of q?
2
Let t = -4238 - -7538. What is the hundreds digit of t?
3
Let r be (8/(-14))/((-14)/147). Let k be r/(-8)*(-48)/12. What is the units digit of (-1176)/(-15) + k - 2/5?
1
Suppose 72 = 5*a + 2*g, 3 - 40 = -3*a + 5*g. Suppose 9 = 5*m - 4*s - a, s = -2. Suppose -m*k - 34 = t - 377, 5*k = 4*t + 600. What is the hundreds digit of k?
1
Suppose 6*i + 4 = -8. What is the hundreds digit of (1/(-5)*12)/(i/600)?
7
Suppose 9 = 5*d - 4*d + 3*g, 3*g + 66 = 4*d. Suppose 0 = -9*a - d*a + 9216. What is the tens digit of a?
8
What is the tens digit of (-1486408)/(-49) + (-112)/(-98)?
3
Let h(q) be the first derivative of -q**4/4 - q**3 + 3*q**2/2 - 4*q + 11. Let x be h(-4). What is the tens digit of (14/(-5))/((-5)/(175 + x))?
9
Let g be -3*6*(-6)/27 - 2. What is the hundreds digit of (207/g)/((-36)/(-96))?
2
Let l be ((-32)/24)/((-8)/42). Let o(n) = 40*n + 1. What is the hundreds digit of o(l)?
2
Let p(g) = g**3 - 9*g**2 + g - 7. Let h be p(9). Let c = 1106 - 1056. Suppose -h*n = -150 - c. What is the hundreds digit of n?
1
Let a(n) = 29 + 4*n - 5*n + 0*n - n. Let k be a(13). Suppose -1 = -2*s + 7, 5*o + k*s = 267. What is the units digit of o?
1
Let o(k) = -4*k - 31. Let b be o(-9). Suppose 12*c + 7 = -b. What is the tens digit of -1 + c - 7/((-42)/396)?
6
Let o(p) = -5*p**3 - 12*p**2 - 21*p + 2. Let k be o(-2). Suppose 2*z + z - 5*q = 30, 4*z + 3*q = 11. What is the units digit of (z/(-4))/((-3)/k)?
5
Let j = 185 + -143. Let m be (-1)/1*j/(-12)*-52. Let n = 312 + m. What is the hundreds digit of n?
1
Let c(v) = -7*v - 8. Let n(f) = f**3 + 7*f**2 + 13*f + 12. Let m be n(-5). Let a be c(m). Suppose a*x = 12*x + 25. What is the tens digit of x?
2
Let l(a) be the second derivative of a**4/12 - 11*a**3/6 + 7*a**2/2 - 11*a. Let m(k) be the first derivative of l(k). What is the units digit of m(9)?
7
Suppose 18*t - 5 = 17*t. Let n(m) = m - 10. Let k be n(t). What is the tens digit of (73/k)/(3/(-15))?
7
Let m be 9*4/(-12)*-1432. Suppose m = 18*u - 7980. What is the units digit of u?
2
Let u = 230 + -257. What is the tens digit of 4527/u*(1 - (-4)/(-1))?
0
Let q be 1/6 - (1428125/30)/25. Let u = q + 3589. What is the units digit of u?
5
Let q = -12 + -1365. Let h = -742 - q. What is the hundreds digit of h?
6
Let n = 21 + -7. Suppose 2*j = 4*s - 0*j - n, -3*s + 30 = 5*j. Suppose -a - 2*d + 146 = d, -a - s*d + 154 = 0. What is the hundreds digit of a?
1
Suppose -5*k + 138 = 5*p + 4408, -2*p = -5*k + 1673. What is the units digit of -2 - (-5 - p/(-3))?
6
Let d = 87 + -121. Let s = 450 + d. What is the hundreds digit of s?
4
Suppose -192*j = -211*j + 71478. What is the units digit of j?
2
Let p be (3 + 16/(-6))*0. Suppose -r - k = -1 - p, 0 = -3*r + k + 15. What is the hundreds digit of 15143/95 + r/(-10)?
1
Suppose -2*r + k = -2119, -5*k = -2*r + 7*r - 5260. Let n = r - 649. What is the tens digit of n?
0
Let o = 47 + 327. Suppose 0 = -h + 1579 + o. What is the units digit of h?
3
Suppose 357*r - 346359 = 344*r. What is the units digit of r?
3
Suppose 47*w - 2458 = 45*w. Let f = w - 505. What is the units digit of f?
4
Suppose 20*d - p + 42043 = 24*d, -2*p - 10522 = -d. What is the hundreds digit of d?
5
Let d(a) = a**2 - 17*a + 30. Let x be d(15). Suppose 2*i - 1446 = -4*o, -3*o + 2*o + 3*i + 365 = x. What is the units digit of o?
2
Let d(a) = 3*a**2 + 5*a - 27. Let g be d(3). Suppose g*s = -s + 10928. What is the hundreds digit of s?
6
Let q(j) = 30*j**2 - 4*j + 62. What is the tens digit of q(5)?
9
Suppose -58984 = -9*z + 2*n, -3*n + 16220 + 16516 = 5*z. What is the hundreds digit of z?
5
Suppose 0 = o + 3*b - 38, 3*o + 4*b - 33 = 61. What is the units digit of o/65*7330/4?
3
Suppose -7*c + 0 = -14. Suppose -243 = -5*f - 3*m + 302, 4*f - 436 = c*m. Suppose 5*r = -v + f, -2*v - 132 = 5*r - 375. What is the units digit of v?
4
Let h be (6 - 1)/(57 - 56). Suppose h*g = 4793 + 872. What is the tens digit of g?
3
What is the units digit of 27*(1700/51 + -7)?
1
Let d(a) = -14*a + 35*a + 94 - 23 - 16*a. What is the units digit of